.
3
What is the highest common factor of 338700 and 6988510?
11290
What is the highest common divisor of 1102829 and 175?
7
Calculate the greatest common factor of 1612260 and 1638.
234
What is the greatest common factor of 624615 and 20?
5
Calculate the greatest common divisor of 268320 and 2494000.
3440
What is the highest common divisor of 265554 and 4860?
18
Calculate the highest common divisor of 18265534 and 1372.
98
Calculate the highest common divisor of 32 and 2140648.
8
What is the greatest common divisor of 1746248 and 98?
14
Calculate the greatest common divisor of 52045620 and 96.
12
What is the greatest common factor of 368 and 234544?
16
What is the greatest common divisor of 863819 and 413?
59
Calculate the greatest common factor of 34289 and 116923473.
2017
What is the greatest common factor of 224 and 11338120?
8
Calculate the highest common factor of 88038825 and 325335.
7935
Calculate the highest common divisor of 12614 and 128282.
238
What is the greatest common divisor of 383078 and 104368?
1186
What is the highest common factor of 559580 and 1484?
28
What is the highest common factor of 17238838 and 934?
934
Calculate the highest common divisor of 627 and 11598911.
19
Calculate the greatest common divisor of 19881 and 11227971.
141
What is the greatest common divisor of 25 and 56501?
1
What is the greatest common divisor of 7047 and 924549?
87
Calculate the highest common divisor of 14 and 1484987.
7
What is the greatest common divisor of 137997 and 1645191?
513
Calculate the greatest common factor of 15978235 and 546.
91
What is the highest common divisor of 203599143 and 297?
297
What is the highest common divisor of 20463192 and 8096?
184
What is the highest common factor of 700 and 8885300?
100
Calculate the greatest common factor of 77132250 and 78.
78
What is the highest common divisor of 10377862 and 2024?
22
Calculate the greatest common divisor of 657 and 148923.
9
What is the greatest common divisor of 19412554 and 7?
7
What is the highest common divisor of 10790743 and 3070?
307
What is the highest common divisor of 11016 and 25891731?
1377
What is the highest common divisor of 15614640 and 2928?
48
What is the highest common factor of 328 and 12329192?
328
What is the greatest common divisor of 714 and 10864904?
34
Calculate the highest common factor of 3335 and 42465889.
667
What is the greatest common factor of 6191 and 868250?
151
What is the greatest common divisor of 988446 and 37146?
906
Calculate the greatest common divisor of 32 and 94929056.
32
Calculate the highest common divisor of 11224 and 1949112.
184
Calculate the highest common divisor of 28 and 768332418.
14
What is the greatest common factor of 2140 and 184254428?
428
What is the highest common divisor of 21536326 and 161?
161
What is the greatest common factor of 1248430365 and 819?
819
Calculate the highest common factor of 217992839 and 1277.
1277
What is the greatest common factor of 2204 and 235543684?
2204
Calculate the highest common divisor of 85959493 and 32841.
3649
Calculate the highest common factor of 9398390 and 65.
5
What is the greatest common factor of 24756165 and 96815?
5695
Calculate the greatest common divisor of 504 and 115628856.
168
What is the greatest common factor of 49 and 570535?
7
What is the highest common divisor of 452866 and 296?
2
Calculate the greatest common factor of 1098 and 2744982.
18
Calculate the greatest common factor of 94 and 9089283.
47
Calculate the greatest common factor of 16950 and 937770.
30
What is the greatest common factor of 49314 and 216?
6
Calculate the greatest common divisor of 205312 and 479997.
401
What is the highest common divisor of 3869 and 37286401?
53
Calculate the highest common factor of 5682 and 97102539.
2841
What is the highest common factor of 1351203 and 42?
21
What is the highest common divisor of 1562 and 197714?
22
Calculate the greatest common factor of 43638 and 13818.
42
Calculate the greatest common divisor of 55 and 679258855.
55
What is the highest common factor of 87371 and 442144?
41
Calculate the greatest common factor of 285 and 62875560.
285
Calculate the greatest common divisor of 150914 and 8174.
122
What is the highest common divisor of 238758 and 3718?
26
Calculate the greatest common divisor of 6092901184 and 18094.
18094
Calculate the greatest common divisor of 121295 and 83385.
85
Calculate the greatest common divisor of 70108367 and 21.
7
What is the greatest common divisor of 12846337 and 133?
133
What is the highest common factor of 88270 and 68390?
70
Calculate the highest common factor of 988 and 2457890084.
988
What is the greatest common divisor of 74456 and 539191?
41
Calculate the greatest common factor of 53590362 and 6314.
574
What is the highest common factor of 68992 and 22397606?
1078
What is the greatest common divisor of 221872 and 667744?
112
Calculate the highest common divisor of 5829630 and 255.
15
Calculate the greatest common divisor of 3 and 1298428.
1
Calculate the highest common factor of 14269 and 86431.
19
What is the greatest common divisor of 1628264 and 88?
88
What is the greatest common factor of 5001 and 106649659?
1667
Calculate the greatest common factor of 11010 and 14250.
30
What is the greatest common factor of 720 and 18586580?
20
Calculate the highest common factor of 781 and 39119509.
781
What is the greatest common factor of 4144 and 38103044?
1036
What is the highest common factor of 3724655 and 1124?
281
What is the greatest common factor of 66862 and 1604026?
662
Calculate the greatest common divisor of 2440 and 3700748.
244
What is the greatest common factor of 227824 and 53128?
232
What is the highest common factor of 51 and 106758453?
51
What is the highest common factor of 88385 and 81957?
1607
What is the greatest common divisor of 1215140 and 1140?
20
What is the highest common factor of 20664 and 692613?
369
Calculate the highest common factor of 28022330 and 28.
14
Calculate the greatest common divisor of 549 and 859002.
183
What is the highest common factor of 940 and 59401796?
188
Calculate the highest common divisor of 9945850 and 5950.
850
Calculate the highest common factor of 4978 and 759014.
262
What is the highest common factor of 9659 and 13036678?
743
Calculate the greatest common factor of 173445073 and 59.
59
What is the highest common factor of 2054162 and 1?
1
Calculate the greatest common divisor of 3680 and 41838240.
160
Calculate the highest common divisor of 9322254 and 90.
18
Calculate the greatest common factor of 357761 and 4192.
131
Calculate the highest common divisor of 2944 and 64392.
8
Calculate the highest common factor of 2356481 and 573018.
2221
Calculate the greatest common factor of 1050 and 89660900.
350
Calculate the greatest common factor of 291786 and 26202.
66
What is the highest common divisor of 1806 and 9273509?
301
Calculate the highest common divisor of 3553511 and 41.
41
Calculate the highest common factor of 65734 and 2392.
46
Calculate the greatest common factor of 610 and 15230.
10
Calculate the greatest common divisor of 390 and 104646126.
78
What is the greatest common factor of 23568 and 8262?
6
What is the highest common divisor of 54976988 and 132?
44
What is the greatest common factor of 7464 and 311160?
24
Calculate the highest common factor of 15053566 and 1153790.
13574
Calculate the greatest common factor of 714979 and 3131.
101
Calculate the greatest common divisor of 1201 and 17968161.
1201
What is the highest common divisor of 447138744 and 117?
39
What is the greatest common divisor of 15697747 and 78?
13
What is the greatest common divisor of 2288 and 2891174?
286
Calculate the highest common divisor of 432209276 and 848.
212
Calculate the greatest common factor of 235312 and 1082158.
154
What is the highest common factor of 2218272 and 15008?
224
Calculate the greatest common divisor of 1263302 and 17867.
1051
Calculate the greatest common divisor of 1444 and 2234780.
76
Calculate the greatest common divisor of 53 and 579686016.
53
What is the highest common factor of 1363109 and 4565?
913
Calculate the highest common divisor of 13462298 and 494.
38
Calculate the greatest common divisor of 2565174402 and 126.
126
What is the greate